 List the prime factors of g.
2, 5
Suppose j = k - 65745, 2*j - 173460 = -2*k - 41962. List the prime factors of k.
11, 43, 139
Suppose 386025 = 51*h - 26*h. What are the prime factors of h?
3, 5147
Let h = 3313 + -5478. Let a = -1500 - h. What are the prime factors of a?
5, 7, 19
Let z(k) = -7*k + 51. Let v be z(16). Let d = 65 + v. Suppose -d*j - u = -808, -1093 = -5*j + 4*u - 104. List the prime factors of j.
3, 67
Suppose 4*c - c = 2577 + 16917. What are the prime factors of c?
2, 3, 19
Let x(k) = -k + 2. Let f be x(6). Let o be (-3176)/(-8) + (1 - -1) + f. Suppose -43 = -3*d + o. What are the prime factors of d?
2, 73
Suppose 0 = 15*x - 34*x - 27*x + 421498. List the prime factors of x.
7, 11, 17
What are the prime factors of 66441 + -7 + -25 - (-8)/(-2)?
3, 5, 19, 233
Suppose -13 = 3*k - 2*a - 9, -4*k - a = -2. Suppose k = -11*c - 12*c + 9131. List the prime factors of c.
397
Let q be 5/(7/(0 + 7)). Suppose -4*d = -q*o + 2703, o + 4*d - 3*d - 546 = 0. List the prime factors of o.
3, 181
Let h = -54351 + 81256. What are the prime factors of h?
5, 5381
Let y(w) = -738*w - 20. Let f be y(-2). Suppose -f = -12*g + 4628. What are the prime factors of g?
3, 13
Suppose 0 = -3*m - 4*o - 163, -5*o + 8*o = -2*m - 109. Let y = -50 - m. What are the prime factors of 2 - (-2)/(-5)*(-218 + y)?
2, 11
Let z be 120*-1 - (-6 - -2)/(-4). Let s = -9 - 5. Let j = s - z. What are the prime factors of j?
107
Let v be (-1)/4 - (-74)/8. Suppose 0 + 6 = 2*j. Suppose 204 + v = j*u. What are the prime factors of u?
71
Let t = -4469 + 8570. What are the prime factors of t?
3, 1367
Let r(o) = 9*o**3 + 5*o**2 + 13*o + 23. Let a be r(-4). What are the prime factors of 6/(-2) - (a - 3)?
3, 5, 7
Let t(z) = 1430*z + 1454. List the prime factors of t(3).
2, 359
Suppose 16*h = 15*h - 38. Let p = -7 - h. Suppose -2*m = -2*z + 44, p - 1 = 2*z + 5*m. What are the prime factors of z?
2, 5
Let r(n) = 109 - 83 - n**3 + 2*n**3 + 35*n + 17*n**2. List the prime factors of r(-13).
13, 19
Let j(c) = 18*c**2 - 29*c + 5. List the prime factors of j(5).
2, 5, 31
Let y = -21960 - -39083. What are the prime factors of y?
17123
Suppose 64*u = -1612 + 35860 + 25848. List the prime factors of u.
3, 313
Suppose 203280 = 4*k + 5*y, -185*k - 5*y = -180*k - 254110. List the prime factors of k.
2, 5, 13, 17, 23
Suppose 5*l = 3*y + 70642, 2*y = 72 - 80. List the prime factors of l.
2, 7, 1009
What are the prime factors of ((-762)/8)/(21/(-364))?
13, 127
Suppose -5*s + 7 = -8. Suppose s = -r + 19. Suppose 2*g + 5*j = j + r, -3*j = 2*g - 14. What are the prime factors of g?
2
Let c = -626 - -908. Let s = c + -172. Suppose 42 + s = 4*g. What are the prime factors of g?
2, 19
Suppose 64*k - 4493671 = -69*k. What are the prime factors of k?
13, 23, 113
Suppose 4*f = -b + 11, 0*f = -f + 5*b + 8. Let i = 416 + -247. Suppose 3*g = -2*g + c + 429, f*c + i = 2*g. What are the prime factors of g?
2, 43
Let y(q) = 59*q**2 + 38*q - 702. List the prime factors of y(21).
3, 5, 1741
List the prime factors of (-11 + 19 - -1148)*(-315)/(-12).
3, 5, 7, 17
Suppose 5*g + 20 - 32 = 2*q, -4*g - 5*q = -3. Suppose -2*s - 2*s = -g*h + 318, h = -4*s + 141. List the prime factors of h.
3, 17
Let l(x) = -3*x + 25. Let f be l(10). What are the prime factors of f - (-5 + (-3710)/7)?
2, 5, 53
Suppose 14 = 5*v - 2*f, -3*v + 8*v + 2*f - 6 = 0. Let w(a) = -11*a**3 + 27 - 2*a - 2*a**3 - 25 - 5*a**v. What are the prime factors of w(-2)?
2, 3, 5
Let c(a) = 2*a**2 + 98. Let q be c(25). Suppose -61*l = -57*l - q. What are the prime factors of l?
337
Suppose -4*k = 8, 2*k - 69 = -3*u - 199. Let g = 88 + u. Suppose 5*h = -5*j + 140, -2*h - 2*j = 2*j - g. List the prime factors of h.
3, 11
Suppose -142 = 4*g + 558. Let w = g + 301. What are the prime factors of w?
2, 3, 7
Let v(s) = -122*s + 30. Let t = -7 + -7. Let a be v(t). Suppose 70 = -12*c + a. List the prime factors of c.
139
Let x(f) = -1 + 232*f + 2 + 106*f - 19*f. Let t be x(1). Suppose -3*i - t = -7*i. What are the prime factors of i?
2, 5
Suppose 0 = -18*r + 25*r + 2275. What are the prime factors of (-50)/r - (-7822)/26?
7, 43
Suppose 334374 = 154*k - 3738156. List the prime factors of k.
3, 5, 41, 43
Suppose -45731 = -3*j - 4*z + 72173, -2*j = -3*z - 78563. List the prime factors of j.
2, 11, 19, 47
Let k = 274 + -270. Suppose 18*t - 3*i - 57 = 14*t, -t + k*i = -11. List the prime factors of t.
3, 5
Suppose -q + 20041 = 2*x, 24*x = 5*q + 15*x - 100205. What are the prime factors of q?
7, 409
Suppose -37*g + 20372 = -33*g. What are the prime factors of g?
11, 463
Let w(u) = 65*u**2 + 219*u - 5627. What are the prime factors of w(29)?
3, 37, 499
Suppose 0 = 23*k - 16*k - 21217. List the prime factors of k.
7, 433
Let t = -5103 + 21580. What are the prime factors of t?
16477
Let l(b) = -5*b**2 - 13*b + 39. Let t(q) = -9*q**2 - 25*q + 77. Suppose 85 - 19 = -6*x. Let v(n) = x*l(n) + 6*t(n). List the prime factors of v(16).
3, 59
Suppose -2*m - 4*c = -6*m + 12, 5 = 5*c. Suppose -3*b + 757 = m*d, 0 = 5*d + 4*b + b - 950. List the prime factors of d.
11, 17
Let h(a) = -66*a + 3642. What are the prime factors of h(-29)?
2, 3, 463
Suppose 76*y - 7*y = -72*y + 925242. What are the prime factors of y?
2, 17, 193
Let p(l) = 894*l**2 + 121*l - 22. What are the prime factors of p(4)?
2, 3, 23, 107
Let s(t) be the second derivative of t**5/20 + t**4 - 5*t**3/3 - 3*t**2 - 5*t - 2. What are the prime factors of s(-9)?
3, 109
Suppose 0 = 18*s - 11*s + 14. List the prime factors of (-6 - 36*51)*s/4.
3, 307
List the prime factors of ((-1192)/24 + 8)/((-3104)/(-3108) - 1).
5, 7, 37
Suppose 0 = 3*a - 2*w + 333 + 93, -w = 2*a + 284. Let z = 417 + a. What are the prime factors of z?
5, 11
Let w(h) = -8 - h - h**2 + 5*h**2 - 2*h**2 - 4*h. Let d be w(4). Suppose -101 = -3*l + b, -5*l + d*b + 167 = b. List the prime factors of l.
2, 17
Suppose 211*f + 88443 = 40*f + 308520. List the prime factors of f.
3, 11, 13
Let l = 259 - 269. List the prime factors of (-5194)/l + (-3)/(-5).
2, 5, 13
Let i be -6 + 1 - (-88)/(-44). List the prime factors of 2 + -5 - (-5 - i)*-163.
17, 19
Suppose -4*s = 8 - 32. List the prime factors of (250 + s)/(1 + 1).
2
Let i(m) = -7*m - 14. Let p be i(10). Let s be (1 + -13)/(2/4). What are the prime factors of 1236/14 - s/p?
2, 11
Suppose -18*j + 22*j = 14700. Suppose 26*k = 29*k - j. Suppose 3*q + 5*r = 487, 480 = -5*q + 5*r + k. List the prime factors of q.
2, 7, 11
What are the prime factors of (6 + -3)/(3473798/385968 - (-9)/(-1))?
2, 3, 11, 17
Let h be (40/25)/(12/15). List the prime factors of 187 - ((-6)/h - 84/(-14)).
2, 23
Let k = 11757 - 6154. List the prime factors of k.
13, 431
Suppose 0 = 5*x + 20*w - 17*w - 215273, -5*x + 215265 = -5*w. List the prime factors of x.
2, 11, 19, 103
Suppose -24*j + 254637 - 78247 = 7*j. List the prime factors of j.
2, 5, 569
Let y(x) = x**3 - 7*x**2 - 9*x + 14. Let b be y(8). Let f be b*2/8*624/9. List the prime factors of f/12 + (1 - (-4)/(-6)).
3
Let x(b) = 206*b + 28. Let g be 9 - (-30)/(-5) - 1. List the prime factors of x(g).
2, 5, 11
Let a(g) = 148*g**2 + 32*g - 28. What are the prime factors of a(-6)?
2, 1277
Let i = -126 - -140. Suppose 4*l - 5*l = 4*j - i, -2*l = 3*j - 28. Suppose -20*n + 258 = -l*n. List the prime factors of n.
43
Let n(c) = 21*c**3 - 2*c**2 + 8*c + 15. List the prime factors of n(10).
3, 5, 7, 199
Suppose 0 = -2*w + 22 - 28. What are the prime factors of ((-128)/20*w)/((-2)/(-10))?
2, 3
Let j(k) = k + 8. Let w be j(-5). Let s(m) = -m**2 + 4*m + 125. Let c be s(-9). List the prime factors of c/2 + 1/(w/585).
199
List the prime factors of (-1866787)/(-187) - (4/6)/(66/(-18)).
67, 149
Let l(x) = -2*x**3 + 25*x**2 + 268*x - 180. What are the prime factors of l(-18)?
2, 3, 5, 41
Let c(z) = 12*z**2 - 9*z + 4. Let w be c(6). Let t = -2899 - -4336. Suppose 0 = -5*m, 5*u + m + w = t. What are the prime factors of u?
211
Suppose 3*n - 896 = -2*g - 67, -2084 = -5*g + 4*n. Let h = g - 200. What are the prime factors of h?
2, 3
Suppose 379 = -f + 1076. Let q = -266 + f. What are the prime factors of q?
431
Let w(x) = -20 - 1 + 1 - x. Let z be w(-4). What are the prime factors of 24/z - 418/(-4)?
103
Let w(r) = 6467*r**2 + 23*r. What are the prime factors of w(1)?
2, 5, 11, 59
Let z = -5102 - -21790. What are the pri